?
True
Is 11736 a multiple of 72?
True
Is 1566 a multiple of 6?
True
Is 636 a multiple of 6?
True
Does 84 divide 1707?
False
Does 32 divide 973?
False
Does 10 divide 27?
False
Is 11 a factor of 144?
False
Does 46 divide 11822?
True
Does 71 divide 1065?
True
Is 27 a factor of 242?
False
Is 4 a factor of 125?
False
Does 70 divide 1190?
True
Is 51 a factor of 39763?
False
Is 51 a factor of 16769?
False
Is 6 a factor of 181?
False
Is 50 a factor of 41550?
True
Is 283 a factor of 75844?
True
Does 60 divide 624?
False
Is 12122 a multiple of 37?
False
Does 195 divide 46484?
False
Is 40 a factor of 4121?
False
Is 8 a factor of 87?
False
Does 4 divide 18205?
False
Is 30 a factor of 690?
True
Does 8 divide 9208?
True
Does 101 divide 36121?
False
Is 108 a factor of 692?
False
Is 34 a factor of 1131?
False
Is 2057 a multiple of 6?
False
Is 18 a factor of 1124?
False
Does 7 divide 827?
False
Does 26 divide 3075?
False
Is 89 a multiple of 9?
False
Is 9841 a multiple of 23?
False
Does 86 divide 86?
True
Is 1249 a multiple of 29?
False
Does 50 divide 238?
False
Is 26 a factor of 1919?
False
Is 74 a factor of 2442?
True
Is 45 a factor of 29565?
True
Is 10691 a multiple of 24?
False
Is 5113 a multiple of 52?
False
Does 8 divide 176?
True
Does 6 divide 18103?
False
Is 14 a factor of 2744?
True
Is 20 a factor of 60?
True
Is 12495 a multiple of 51?
True
Is 101 a multiple of 2?
False
Does 9 divide 1640?
False
Is 218 a factor of 48793?
False
Does 49 divide 588?
True
Does 54 divide 29106?
True
Does 10 divide 352?
False
Does 28 divide 6356?
True
Does 99 divide 6039?
True
Does 9 divide 216?
True
Does 6 divide 1050?
True
Is 17 a factor of 2378?
False
Does 33 divide 3498?
True
Is 5194 a multiple of 53?
True
Does 120 divide 1491?
False
Does 3 divide 108?
True
Does 11 divide 152?
False
Is 1980 a multiple of 45?
True
Does 3 divide 633?
True
Does 233 divide 13947?
False
Does 35 divide 2695?
True
Is 1904 a multiple of 68?
True
Is 120 a multiple of 3?
True
Is 81 a factor of 18711?
True
Is 4179 a multiple of 121?
False
Is 4 a factor of 93?
False
Is 2048 a multiple of 64?
True
Is 960 a multiple of 40?
True
Does 4 divide 58?
False
Does 9 divide 207?
True
Does 36 divide 410?
False
Does 14 divide 602?
True
Is 9463 a multiple of 14?
False
Does 29 divide 161?
False
Does 4 divide 92?
True
Does 16 divide 40106?
False
Is 446 a multiple of 70?
False
Is 2497 a multiple of 33?
False
Is 58 a factor of 464?
True
Does 5 divide 541?
False
Does 29 divide 1682?
True
Is 2 a factor of 10076?
True
Is 6 a factor of 262?
False
Is 41 a factor of 21730?
True
Is 2939 a multiple of 119?
False
Is 2625 a multiple of 106?
False
Is 18 a factor of 6578?
False
Is 8635 a multiple of 5?
True
Is 29320 a multiple of 10?
True
Does 8 divide 496?
True
Does 61 divide 15067?
True
Does 30 divide 3992?
False
Is 13 a factor of 19136?
True
Is 12 a factor of 1128?
True
Is 28 a factor of 6063?
False
Is 279 a multiple of 8?
False
Is 15 a factor of 180?
True
Is 25831 a multiple of 8?
False
Is 22318 a multiple of 14?
False
Is 30 a factor of 780?
True
Is 5 a factor of 520?
True
Is 10275 a multiple of 15?
True
Is 6651 a multiple of 177?
False
Is 2205 a multiple of 18?
False
Is 13 a factor of 767?
True
Is 2 a factor of 597?
False
Does 17 divide 7905?
True
Does 9 divide 1539?
True
Does 15 divide 31485?
True
Does 30 divide 7778?
False
Is 28975 a multiple of 61?
True
Does 15 divide 2310?
True
Is 42595 a multiple of 7?
True
Is 41815 a multiple of 15?
False
Is 1023 a multiple of 11?
True
Is 341 a multiple of 11?
True
Is 52397 a multiple of 158?
False
Does 12 divide 564?
True
Is 15604 a multiple of 15?
False
Is 9933 a multiple of 21?
True
Does 6 divide 41?
False
Does 2 divide 41?
False
Is 22 a factor of 2881?
False
Does 78 divide 5850?
True
Is 64976 a multiple of 51?
False
Is 347 even?
False
Is 55 a multiple of 7?
False
Is 15 a factor of 1638?
False
Is 48 a factor of 7954?
False
Is 5 a factor of 700?
True
Does 81 divide 10427?
False
Is 7 a factor of 3045?
True
Is 220 a factor of 3520?
True
Does 12 divide 1076?
False
Does 5 divide 2502?
False
Does 294 divide 10290?
True
Does 16 divide 1568?
True
Is 132 a multiple of 11?
True
Is 10334 a multiple of 41?
False
Does 16 divide 18005?
False
Is 64833 a multiple of 79?
False
Does 9 divide 5346?
True
Is 6 a factor of 17016?
True
Is 9 a factor of 1098?
True
Does 10 divide 2608?
False
Is 26 a factor of 8632?
True
Is 1330 a multiple of 19?
True
Does 60 divide 9451?
False
Is 1047 a multiple of 10?
False
Does 55 divide 3575?
True
Is 34 a factor of 1708?
False
Is 9 a factor of 2351?
False
Is 28 a factor of 924?
True
Is 44 a factor of 3476?
True
Is 24758 a multiple of 19?
False
Is 49 a factor of 588?
True
Is 350 a multiple of 2?
True
Is 7 a factor of 2294?
False
Does 12 divide 19632?
True
Does 4 divide 133?
False
Does 22 divide 20064?
True
Does 23 divide 23?
True
Is 37440 a multiple of 160?
True
Is 44 a factor of 132?
True
Does 16 divide 978?
False
Is 105 a factor of 1726?
False
Is 221 a factor of 2749?
False
Is 12 a factor of 757?
False
Is 3 a factor of 9681?
True
Does 14 divide 490?
True
Is 13 a factor of 1456?
True
Is 9492 a multiple of 42?
True
Does 52 divide 25063?
False
Is 335 a multiple of 19?
False
Is 100 a factor of 555?
False
Does 15 divide 9304?
False
Does 55 divide 15785?
True
Is 1662 a multiple of 56?
False
Does 10 divide 15630?
True
Is 91 a factor of 1979?
False
Does 41 divide 861?
True
Does 6 divide 7740?
True
Does 28 divide 1005?
False
Is 43 a factor of 5924?
False
Is 14524 a multiple of 4?
True
Is 54638 a multiple of 17?
True
Does 31 divide 403?
True
Is 54 a factor of 17820?
True
Is 149 a factor of 8889?
False
Does 8 divide 568?
True
Is 248 a factor of 36678?
False
Is 39 a factor of 702?
True
Is 410 a multiple of 16?
False
Does 36 divide 39127?
False
Does 31 divide 4040?
False
Is 2020 a multiple of 101?
True
Does 18 divide 540?
True
Does 127 divide 10311?
False
Is 33 a factor of 54712?
False
Is 2891 a multiple of 59?
True
Is 3264 a multiple of 17?
True
Is 935 a multiple of 5?
True
Is 14 a factor of 107268?
True
Is 13 a factor of 338?
True
Does 74 divide 788?
False
Is 24 a factor of 5767?
False
Is 12708 a multiple of 36?
True
Does 18 divide 666?
True
Is 121 a factor of 2355?
False
Is 317 a multiple of 5?
False
Does 58 divide 14152?
True
Is 28 a factor of 52961?
False
Is 53449 a multiple of 14?
False
Is 400 a multiple of 20?
True
Is 55 a factor of 81?
False
Is 1372 a multiple of 14?
True
Is 3596 a multiple of 58?
True
Does 42 divide 713?
False
Is 19514 a multiple of 76?
False
Is 5437 a multiple of 16?
False
Does 105 divide 2143?
False
Does 24 divide 14226?
False
Is 10 a factor of 79292?
False
Does 7 divide 364?
True
Is 29264 a multiple of 31?
True
Is 66 a factor of 6006?
True
Is 29550 a multiple of 70?
False
Is 21 a factor of 1088?
False
Is 4 a factor of 404?
True
Is 272 a multiple of 9?
False
Is 17 a factor of 425?
True
Is 165 a multiple of 15?
True
Is 23 a factor of 7410?
False
Is 897 a multiple of 13?
True
Is 40567 a multiple of 113?
True
Is 3520 a multiple of 88?
True
Does 93 divide 2369?
False
Is 14040 a multiple of 18?
True
Is 9 a factor of 19106?
False
Is 28527 a multiple of 12?
False
Is 373 a multiple of 22?
False
Does 45 divide 7290?
True
Is 51 a factor of 612?
True
Does 67 divide 3618?
True
Is 56 a multiple of 28?
True
Does 78 divide 7332?
True
Is 22 a factor of 704?
True
Is 4899 a multiple of 20?
False
Does 151 divide 32616?
True
Is 2 a factor of 392?
True
Does 7 divide 413?
True
Does 22 divide 13354?
True
Is 1631 a multiple of 73?
False
Is 612 a multiple of 12?
True
Does 19 divide 152?
True
Is 51 a factor of 18458?
False
Is 67 a factor of 3514?
False
Is 16 a factor of 40369?
False
Is 21823 a multiple of 12?
False
Is 70 a factor of 30030?
True
Is 86 a factor of 15500?
False
Does 9 divide 225?
True
Does 12 divide 576?
True
Does 48 divide 370?
False
Does 47 divide 16008?
False
Is 26 a factor of 3068?
True
Is 6 a factor of 750?
True
Is 648 a multiple of 17?
False
Is 22066 a multiple of 17?
True
Is 42 a factor of 2982?
True
Is 16 a factor of 752?
True
Does 3 divide 48?
True
Does 30 divide 18967?
False
Is 3 a factor of 2740?
False
Does 13 divide 2054?
True
Is 726 a multiple of 3?
True
Does 20 divide 3330?
False
Does 132 divide 10824?
True
Is 12 a factor of 18266?
False
Is 6468 